-q**2 - 6*q + 10. Let j(i) = 16*i + 5. Let r be j(-5). Let p = 68 + r. Calculate d(p).
3
Let r(j) be the third derivative of -j**7/840 + j**6/240 - j**5/40 - 11*j**4/24 - 2*j**2. Let g(n) be the second derivative of r(n). Calculate g(2).
-9
Suppose -4 - 1 = -h. Let c(g) be the first derivative of g**3/6 - g**2/2 + 10*g - 12. Let q(r) be the first derivative of c(r). What is q(h)?
4
Let h(k) = -3*k - 31. Let v(s) = -s - 3. Let d(a) = -h(a) + 6*v(a). What is d(10)?
-17
Let c = 6 - 5. Let d(m) be the third derivative of -23*m**6/120 - m**5/60 + m**4/12 - m**3/6 - 6*m**2. What is d(c)?
-23
Let m(y) = -7*y. Let q(t) = t**2 - 14*t - 1. Let b(n) = 5*m(n) - 2*q(n). Suppose 7*x - 20 = 2*x. Suppose -x*o - 14 + 2 = 4*f, o - 5*f = -15. Give b(o).
-13
Suppose 2 = -3*c + c, -4*r = 4*c + 12. Let f(k) = 38*k - 6. Let q(h) = -56*h + 8. Let x(w) = -3*f(w) - 2*q(w). Determine x(r).
6
Let q(y) = -64*y**2 + 123*y**2 + 6*y + 2 - 9 - 60*y**2 + 0*y. What is q(7)?
-14
Let a(x) = 11*x**3 - 3*x**2 - x + 2. Let v be a(-1). Let b(j) = j**3 + 12*j**2 + 11*j - 1. Calculate b(v).
-1
Suppose -3*u + 471 = -3*j, -2*u + 64 = -3*j - 247. Let d(h) = 164*h - 325*h - 13 + u*h. Give d(-6).
-7
Let r(f) be the first derivative of -f**2/2 - 9*f + 46. Calculate r(-7).
-2
Let m = -124 + 73. Let b = m - -71. Suppose -5*p + p = -b. Let l(n) = 2*n - 5. Calculate l(p).
5
Let w be (216/(-126))/((-8)/(-28)). Let n(c) = -c - 4. Give n(w).
2
Let i(d) = -4*d**2 - 7*d - 7. Let l(k) = k**2 + k + 3. Let c(m) = i(m) + 3*l(m). Calculate c(-5).
-3
Let w(v) = v. Let m(y) = -36*y + 16. Let t(s) = -7*s + 3. Let f(z) = -3*m(z) + 16*t(z). Let u(j) = f(j) + 3*w(j). Calculate u(4).
-4
Let i(c) = -2*c**3 - 4*c**2 - c + 1. Let s be i(-2). Let f(j) = -5 + s*j**2 + 16 - 9 + j. What is f(2)?
16
Let g(p) be the first derivative of p**3/3 - 15*p**2/2 + 29*p + 336. Calculate g(13).
3
Let p(z) = z**2 + 5*z - 9. Let j be p(2). Suppose 4*h - 2*w = 5 + j, -5*h + 26 = 2*w. Let k(r) = -r**2 + 3*r + 2. Calculate k(h).
-2
Let a(x) = -21 + 0*x**3 - 900*x**2 - x**3 + 9*x + 8 + 891*x**2. What is a(-10)?
-3
Suppose 70 = -36*a + 31*a + 5*v, a + 22 = 3*v. Let h(s) = s**2 + 10*s + 12. Determine h(a).
12
Let h(c) = -6*c - c - 35*c**2 + 0 + c**3 + 39*c**2 - 6. Determine h(-5).
4
Let x(g) = -2*g + 6. Let f(y) = -y**2 - 4*y + 11. Let s be f(-6). Let z be s - (140/21 + 2/(-3)). Give x(z).
20
Let q(o) be the second derivative of o**4/12 - 2*o**3 + 7*o**2/2 - 11*o. Determine q(11).
-4
Let g(a) be the third derivative of a**7/5040 - 7*a**6/720 + a**5/10 + 7*a**2. Let p(b) be the third derivative of g(b). Calculate p(5).
-2
Let j = -54 - -80. Suppose 8*p + j = 66. Let q(h) = h**2 - 10*h + 7. What is q(p)?
-18
Suppose -5*w + 19 = -2*w + 5*q, -2*w + 3*q = 19. Let i be (18/(-30))/(w/20). Let z(p) = p**2 - 8*p + 5 - 2*p + 2*p. What is z(i)?
-7
Let w(m) = -m**3 + 8*m**2 - 8*m - 6. Let d = -1919 - -1925. Calculate w(d).
18
Let r(f) = 6*f + 2. Let o(u) be the first derivative of 5*u**2/2 + 2*u + 4. Let a(h) = -4*o(h) + 3*r(h). Let y = -63 + 58. Calculate a(y).
8
Let c(n) = 2*n**2 + 2*n - 9. Let g be -2 - 1*(-18)/(-9). Determine c(g).
15
Let z(k) = -4*k + 7. Let m(r) = -2*r + 2. Let y(u) = 5*m(u) - 2*z(u). What is y(-7)?
10
Let y(s) be the third derivative of s**6/120 - s**5/15 + s**4/6 - s**3/3 - 2*s**2. Let w(h) = 2*h - 12. Let q be w(13). Suppose -7*v + q = -0*v. Calculate y(v).
-2
Let v(u) = -12*u + 1. Suppose 5*c - 3*s = -7, 2*c - 2*s = c. Let h be (-4 - 0)/(2 + 8/c). Give v(h).
-23
Let q = -115 - -112. Let z(i) = -5*i**3 - 5*i**2 + 4*i - 2. Let u(b) = -4*b**3 - 4*b**2 + 3*b - 1. Let s(k) = 6*u(k) - 5*z(k). Give s(q).
-8
Let v be (-5)/(-15)*-3 - -6. Let a(u) = 5 - 3 + u - 4 + 1. Determine a(v).
4
Let z(p) be the second derivative of 0 - 3*p**2 - 1/6*p**3 + 3*p. Calculate z(-6).
0
Let t(p) = p**3 + 4*p**2 - p + 1. Let h(b) = 2*b**2 - 10*b + 3. Let o be h(5). Suppose -s = 2*w + 3, -s + 17 = -o*w - 0*s. What is t(w)?
5
Let p(f) be the third derivative of -f**4/12 + 3*f**3 + 9*f**2 + 4*f. Give p(6).
6
Let p(c) = -c**2 - 7*c + 23*c - 9*c - 8*c. Let t = 4 - 6. Give p(t).
-2
Let z(x) = -3*x**3 + 7*x**2 + 16. Suppose -4*m + 12 = 32. Let t(b) = -2*b**3 + 3*b**2 + 8. Let o(k) = m*t(k) + 3*z(k). Determine o(-6).
8
Suppose 6*j = 3*j - 18. Let p be j/(-21)*13*7. Let g(t) = p*t + 0*t**2 + 3 - 30*t + t**3 - t**2. Give g(2).
-1
Let g(t) be the first derivative of t**4/4 + 2*t**3 - 3*t**2/2 - 6*t + 1. Let a be (24/(-14))/(1/(49/14)). Give g(a).
12
Let f(c) be the third derivative of c**6/120 - c**5/10 - 3*c**4/8 + 5*c**3/2 + 65*c**2 + 6. Calculate f(7).
1
Let c(j) = -j - 5. Suppose q = -16 - 0. Let w be 21/(-14)*q/(-4). What is c(w)?
1
Let n(f) = f**2 + 8*f + 14. Let u(j) = -6*j**2 + 2*j - 2. Let i be u(1). Let g be n(i). Let m(a) = 8*a**g - 6*a**2 + 5*a**2 - 1. Give m(1).
6
Suppose 4*s - 8 = i, 9*i + 2*s = 4*i + 26. Let p(k) = -3*k + k + i*k + 1. What is p(-5)?
-9
Let r(b) = b + 6. Suppose -32 = 6*w + 112. Let p = w + 18. Give r(p).
0
Let a(j) = 5*j**3 + 14*j**2 - 46*j - 26. Let g(x) = x**3 + 3*x**2 - 9*x - 5. Let w(y) = 2*a(y) - 11*g(y). Suppose 3*q = -8 + 29. Let u = -13 + q. Give w(u).
-3
Let r(y) be the third derivative of y**4/12 + y**3/6 + 7*y**2. Let k = -53 - -58. Determine r(k).
11
Let r(p) be the first derivative of -5 - 1/2*p**2 + p + 1/6*p**3. Let y(z) be the first derivative of r(z). Determine y(0).
-1
Let m(d) = d - 2 + 4 - 1. Let p be m(4). Suppose -2*q + 11 = z - p, -3*q + 21 = z. Let b(r) = r**3 - 5*r**2 - 5*r - 1. Calculate b(z).
5
Let v(t) = 2*t**2 + 5*t. Let z(j) = 3*j**2 + 4*j + 1. Let r(w) = 4*v(w) - 3*z(w). Let l be 275/40 + 11/88. Calculate r(l).
4
Let s(b) = 7*b - 2. Let l(m) = -m + 1. Suppose 0 = 3*k - 0*k + 18. Let x(w) = k*l(w) - s(w). Let j(p) = -p**2 + 9*p - 13. Let v be j(8). Determine x(v).
1
Let v(z) = -z**3 - 6*z**2 - 2*z + 3. Let b be 10/4*(-1)/(9/18). Determine v(b).
-12
Let i(a) = 3*a**3. Let t(z) = 17*z**3 + 4*z**2 + 6*z - 11. Let j(x) = -6*i(x) + t(x). Calculate j(5).
-6
Let s(g) = 4*g - 17. Let b be s(5). Let u(n) = -b*n + 3*n - 3*n - n**3 + 2*n**3. Give u(3).
18
Let r(o) = 3*o - 2. Let u = 56 - 49. Determine r(u).
19
Let u be ((-5)/(-4))/(1/(-4)). Let g(t) = t + 7. Let n be g(u). Let w(c) = 4087*c - 2049*c - 2034*c - 3 - c**2 + 0. Calculate w(n).
1
Let q(v) be the first derivative of v**4/24 + 3*v**2 + 11. Let i(k) be the second derivative of q(k). Give i(-5).
-5
Let u(r) = -r**2 - r - 1. Let h(f) = 2*f**2 + 6*f - 3. Let d(s) = -h(s) - 3*u(s). What is d(4)?
10
Let f = 8 + -7. Let r(q) = q. Let a(j) = 34*j**2 + 3*j + 7. Let b(z) = -23*z**2 - 2*z - 5. Let c(h) = 5*a(h) + 7*b(h). Let w(y) = c(y) - 2*r(y). What is w(f)?
8
Let b(k) = 2*k + 2. Let c(z) = -z**3 - 2*z**2 + z - 2. Let j be 8/12 - (-12)/9. Suppose -2*d - 6 = -2*n, -3*n + 7 = -j. Let i be c(d). Give b(i).
-2
Let m(o) = -o**3 - 3*o**2 + 2*o - 4. Suppose -17 - 55 = -4*n - 4*p, p = n - 22. Suppose -3*h + n = -8*h. What is m(h)?
4
Let x be (4 - 1) + (-2 - -2). Suppose 4*b = t + t + 32, 22 = 4*b + x*t. Let c(n) = -n**2 + 281*n + b*n**3 - 281*n. Determine c(1).
6
Let g(r) = -2*r**2 - 2*r - 1. Suppose 18 = -3*f + 5*z, 0 = 5*f + 4*z - 3 - 4. Let x be -14 + 16 - (-2)/f. Suppose -6*u + u - 10 = x. Calculate g(u).
-5
Let y(g) = 6*g - 90. Let z be y(16). Let l(x) = 3*x**3 + 6*x**2 - 12*x**3 + 8*x**3 + 6. Give l(z).
6
Let j = -641 + 644. Let t(g) be the second derivative of g**4/12 - g**3/2 + 2*g**2 + 2*g. Determine t(j).
4
Let w(h) = -10 + h + 14 + 2. Let t be w(-10). Let l(u) = 5*u**2 - 8*u - 1. Let f(o) = -4*o**2 + 7*o + 1. Let a(g) = -6*f(g) - 5*l(g). What is a(t)?
-9
Suppose -3*a = 4*a - 2*a. Let x(w) = -w**3 + w**2 - w - 5. Let u be x(a). Let l(d) = d + 10. What is l(u)?
5
Suppose 0 = 4*j - 4 - 4. Suppose 0*i + 38 = j*i. Suppose -f - 11 = -4*k, -3*f = 3*k - 2*k - i. Let x(p) = p. Calculate x(k).
4
Let c(t) = -t + 20. Let r be c(18). Let i(o) = 8*o**3 + 4*o**r + 0*o - 7*o**3 + 2*o + 5. Let p = 10 - 14. What is i(p)?
-3
Let c(i) = 2*i**2 - 11*i + 4. Let w be c(5). Let v(h) = 3*h - 1. What is v(w)?
-4
Suppose -h = 4*h - 40. Suppose 0 = -6*i + h + 10. Let u(r) = -7*r + 4*r**3 - 5*r**3 + 0*r**i + 5 + 6*r**2. What is u(4)?
9
Let n be 2/(-2)*(-8)/(-2). Let p(i) = 20*i**2 - 31*i**2 + 17*i**2 + 5*i - 25*i**2 + 20*i**2. Calculate p(n).
-4
Let n(w) = -2*w - 3. Let t(r) = r + 2